52251 a prime number?
False
Is 13294261 composite?
True
Is 1938201 a prime number?
False
Is 1094827 prime?
False
Is 5551639 prime?
False
Is 118399733 prime?
False
Is 28987279 prime?
False
Is 26775407 a composite number?
False
Is 140977 prime?
True
Is 2292139 prime?
False
Is 37375673 composite?
True
Is 15689777 a prime number?
True
Is 8434619 prime?
False
Is 400847 a prime number?
False
Is 37615629 a prime number?
False
Is 11710767 prime?
False
Is 2680381 a prime number?
False
Is 1255711 a prime number?
False
Is 3392473 prime?
False
Is 406631 a prime number?
True
Is 96254449 a prime number?
False
Is 261087977 prime?
True
Is 11661739 composite?
False
Is 877339183 a prime number?
False
Is 14613091 a prime number?
True
Is 16222373 a prime number?
True
Is 1094783 prime?
False
Is 4757437 composite?
True
Is 55609921 composite?
False
Is 73256537 a prime number?
True
Is 19420217 composite?
False
Is 37606207 a prime number?
False
Is 5351017 a composite number?
True
Is 199523 composite?
False
Is 8471317 prime?
True
Is 167507357 prime?
True
Is 470531 a prime number?
True
Is 2401871 composite?
False
Is 29727469 a composite number?
False
Is 17264041 a prime number?
True
Is 4835401 a prime number?
False
Is 1381103 a prime number?
True
Is 1373627 a composite number?
False
Is 82407277 a composite number?
False
Is 33406573 a composite number?
False
Is 3131177 a prime number?
False
Is 5293801 a prime number?
True
Is 4594739 a prime number?
True
Is 190359497 composite?
False
Is 12317653 a composite number?
True
Is 3926827 prime?
True
Is 3081877 composite?
False
Is 98461019 composite?
True
Is 55220863 a composite number?
False
Is 9259267 prime?
True
Is 4222037 a prime number?
True
Is 394884827 a composite number?
True
Is 83469 prime?
False
Is 4400203 a composite number?
False
Is 2964523 a composite number?
False
Is 1210523 prime?
True
Is 6180379 a composite number?
False
Is 88457 a composite number?
True
Is 16940827 prime?
True
Is 3639631 prime?
True
Is 28564117 composite?
False
Is 1016357 a composite number?
False
Is 32823667 a prime number?
False
Is 11540033 composite?
False
Is 23783593 prime?
False
Is 125533709 a prime number?
False
Is 263711433 composite?
True
Is 607697 a prime number?
True
Is 45119881 composite?
True
Is 5431021 a prime number?
True
Is 40395219 a composite number?
True
Is 9576071 composite?
False
Is 177794 composite?
True
Is 149113983 prime?
False
Is 16438538 composite?
True
Is 11210151 composite?
True
Is 48265391 prime?
True
Is 53782817 a prime number?
False
Is 2559713 prime?
False
Is 1901813 composite?
True
Is 1567451 a composite number?
True
Is 67927391 composite?
True
Is 94676783 prime?
False
Is 19851877 a composite number?
False
Is 2103953 prime?
True
Is 14793929 a composite number?
False
Is 3658483 composite?
True
Is 21923381 prime?
True
Is 837043 a composite number?
False
Is 45954581 a prime number?
True
Is 24343301 a prime number?
True
Is 5926259 prime?
True
Is 4445387 a composite number?
False
Is 1991291 a composite number?
True
Is 339583 a composite number?
False
Is 5018963 prime?
False
Is 66063857 composite?
False
Is 48533867 a prime number?
True
Is 64523189 a prime number?
True
Is 9926039 composite?
True
Is 25912391 a composite number?
True
Is 2441027 composite?
True
Is 46334303 a prime number?
False
Is 41927947 a prime number?
True
Is 510551 a prime number?
True
Is 68029849 a composite number?
False
Is 19871081 a composite number?
False
Is 319158913 composite?
False
Is 1313761 prime?
True
Is 936437 a prime number?
True
Is 5602127 composite?
True
Is 3728159 composite?
True
Is 5678411 a prime number?
True
Is 566311 a composite number?
False
Is 225770267 composite?
True
Is 118396351 a prime number?
True
Is 1609061 a composite number?
False
Is 2856907 composite?
True
Is 3131182 a prime number?
False
Is 327910181 prime?
True
Is 298739 a prime number?
False
Is 120889 a prime number?
True
Is 5883919 composite?
False
Is 12322289 a prime number?
False
Is 4492195 composite?
True
Is 760743757 prime?
True
Is 37636241 composite?
False
Is 2738497 a composite number?
True
Is 14649506 a prime number?
False
Is 16635337 prime?
False
Is 5601007 a composite number?
True
Is 89659021 a composite number?
True
Is 47615063 a prime number?
False
Is 310317269 a composite number?
True
Is 218345 a composite number?
True
Is 293579899 composite?
True
Is 8085433 composite?
False
Is 7958459 a prime number?
True
Is 2850797 prime?
True
Is 436147 a prime number?
True
Is 51991949 a composite number?
False
Is 62828771 a prime number?
True
Is 1617181 composite?
True
Is 722231 a composite number?
True
Is 5069737 a composite number?
True
Is 6411521 composite?
False
Is 27165871 prime?
True
Is 170463287 a prime number?
True
Is 547187 composite?
True
Is 38783093 a composite number?
False
Is 13030683 composite?
True
Is 127153297 prime?
True
Is 38040334 a composite number?
True
Is 31578557 a prime number?
True
Is 2702143 composite?
False
Is 3755489 a prime number?
True
Is 9336207 a prime number?
False
Is 7065931 prime?
False
Is 30566293 composite?
True
Is 863833 prime?
True
Is 1628519 composite?
True
Is 13438853 a prime number?
True
Is 13979629 prime?
True
Is 115291789 composite?
False
Is 80948337 composite?
True
Is 847853 composite?
False
Is 2738861 prime?
True
Is 327289 a composite number?
False
Is 174350257 prime?
True
Is 9112681 composite?
True
Is 32985191 composite?
False
Is 413145485 a prime number?
False
Is 6556663 prime?
False
Is 2850697 prime?
True
Is 1427353 prime?
False
Is 20817997 a prime number?
False
Is 46203 a composite number?
True
Is 3781193 prime?
False
Is 46745681 a prime number?
False
Is 52262282 a prime number?
False
Is 361768091 composite?
True
Is 26261497 a composite number?
True
Is 49204591 a composite number?
False
Is 17030183 a composite number?
True
Is 56624521 a composite number?
False
Is 11531911 a prime number?
False
Is 8404439 prime?
False
Is 77867 prime?
True
Is 226087 a prime number?
True
Is 76320914 a composite number?
True
Is 823117 a prime number?
True
Is 18517469 a composite number?
False
Is 72613 a composite number?
False
Is 108250943 composite?
False
Is 26896783 prime?
True
Is 13059311 a prime number?
True
Is 987661 a composite number?
True
Is 12847 a composite number?
True
Is 27983 a composite number?
False
Is 1631971 a composite number?
True
Is 5273546 a prime number?
False
Is 40725565 prime?
False
Is 3238933 a prime number?
False
Is 40712213 prime?
True
Is 20999141 a composite number?
False
Is 60363811 a prime number?
False
Is 655817 a composite number?
True
Is 2010103 prime?
True
Is 2219626 a prime number?
False
Is 595139 prime?
True
Is 1071977 a prime number?
True
Is 58676819 a composite number?
False
Is 93889717 a composite number?
True
Is 38940598 a composite number?
True
Is 98941 a composite number?
True
Is 2915087 prime?
False
Is 307764421 composite?
True
Is 266821 a composite number?
False
Is 275827 a prime number?
True
Is 140621473 prime?
True
Is 8207987 prime?
False
Is 6778129 a prime number?
False
Is 31823573 prime?
True
Is 1352102 prime?
False
Is 322723301 prime?
False
Is 10608361 prime?
False
Is 31024681 composite?
False
Is 4374031 prime?
True
Is 13709063 composite?
True
Is 182236837 composite?
True
Is 49640921 composite?
True
Is 48738931 composite?
False
Is 271202837 composite?
False
Is 70974577 composite?
False
Is 4197913 a prime number?
True
Is 519473 a prime number?
False
Is 1422211 a prime number?
False
Is 3384049 a composite number?
False
Is 2576329 a composite number?
True
Is 96008329 prime?
True
Is 55589129 composite?
False
Is 838421 composite?
False
Is 11151653 composite?
False
Is 5314501 composite?
False
Is 339823937 composite?
False
Is 1183799 prime?
True
Is 56512961 a prime number?
False
Is 347873 a prime number?
True
Is 19381199 composite?
True
Is 96187187 composite?
False
Is 2810299 a prime number?
True
Is 14050493 prime?
False
Is 146349331 a composite number?
False
Is 32831 composite?
False
Is 317228411 prime?
False
Is 986160181 prime?
True
Is 77015969 a composite number?
False
Is 35723503 prime?
True
Is 39349139 prime?
True
Is 97674529 composite?
False
Is 2118491 a prime number?
True
Is 9884683 a prime number?
False
Is 344472001 composite?
True
Is 32828111 a composite number?
True
Is 902749 composite?
